{"id":48,"date":"2021-09-08T08:41:12","date_gmt":"2021-09-08T08:41:12","guid":{"rendered":"http:\/\/www.zeasbrezna.cz\/?page_id=48"},"modified":"2025-06-04T22:33:53","modified_gmt":"2025-06-04T21:33:53","slug":"o-nas","status":"publish","type":"page","link":"https:\/\/www.zeasbrezna.cz\/index.php\/o-nas\/","title":{"rendered":"O n\u00e1s"},"content":{"rendered":"\n<p>V\u00edtejte na internetov\u00fdch str\u00e1nk\u00e1ch zem\u011bd\u011blsk\u00e9 akciov\u00e9 spole\u010dnosti, kter\u00e1 byla zalo\u017eena v&nbsp;kv\u011btnu roku 1993 skupinou opr\u00e1vn\u011bn\u00fdch osob a vlastn\u00edk\u016f zem\u011bd\u011blsk\u00e9 p\u016fdy, kter\u00fdm tehdej\u0161\u00ed St\u00e1tn\u00ed statek \u0160t\u00edty vr\u00e1til v&nbsp;restituc\u00edch zem\u011bd\u011blsk\u00fd majetek.<\/p>\n\n\n\n<p class=\"has-text-color\" style=\"color:#58a300;font-size:26px\">&nbsp;P\u0159edm\u011btem &nbsp;podnik\u00e1n\u00ed a. s. je<\/p>\n\n\n\n<ul class=\"wp-block-list\">\n<li>hostinsk\u00e1 \u010dinnost<\/li>\n\n\n\n<li>zem\u011bd\u011blstv\u00ed, v\u010detn\u011b prodeje nezpracovan\u00fdch zem\u011bd\u011blsk\u00fdch v\u00fdrobk\u016f<\/li>\n\n\n\n<li>silni\u010dn\u00ed motorov\u00e1 doprava n\u00e1kladn\u00ed<\/li>\n\n\n\n<li>obr\u00e1b\u011b\u010dstv\u00ed<\/li>\n\n\n\n<li>opravy silni\u010dn\u00edch vozidel<\/li>\n\n\n\n<li>v\u00fdroba, obchod a slu\u017eby<\/li>\n\n\n\n<li>v\u00fdroba elekt\u0159iny<\/li>\n<\/ul>\n\n\n\n<p><\/p>\n\n\n\n<h2 class=\"wp-block-heading has-text-color\" style=\"color:#00d112;font-size:30px\">Z\u00e1kladn\u00ed ekonomick\u00e9 \u00fadaje <\/h2>\n\n\n\n<p><\/p>\n\n\n\n<p class=\"has-medium-font-size\">Obchodn\u00ed jm\u00e9no:                <strong> ZEAS B\u0159ezn\u00e1 a. s.<\/strong><\/p>\n\n\n\n<p>Pr\u00e1vn\u00ed forma:                                   akciov\u00e1 spole\u010dnost<\/p>\n\n\n\n<p>S\u00eddlo:                                               N\u00e1m\u011bst\u00ed M\u00edru 4, 789 91 \u0160t\u00edty<\/p>\n\n\n\n<p>I\u010cO:                                                 <strong>47673788<\/strong><\/p>\n\n\n\n<p>DI\u010c:                                                 CZ47673788<\/p>\n\n\n\n<p>e- mail: <a href=\"mailto:info@zeasbrezna.cz\">info@zeasbrezna.cz<\/a><\/p>\n\n\n\n<p>Registroval:                                    Krajsk\u00fd soud v Ostrav\u011b odd\u00edl B, vlo\u017eka 629<\/p>\n\n\n\n<p>Po\u010det zam\u011bstnanc\u016f:                       65<\/p>\n\n\n\n<p>Ro\u010dn\u00ed obrat:                                   100 mil. K\u010d<\/p>\n\n\n\n<p>Z\u00e1kladn\u00ed kapit\u00e1l:                            42 820 000,- K\u010d<\/p>\n\n\n\n<p>Obchodn\u00ed rejst\u0159\u00edk:        <\/p>\n\n\n\n<p><a href=\"https:\/\/or.justice.cz\/ias\/ui\/rejstrik-dotaz?dotaz=47673788\">https:\/\/or.justice.cz\/ias\/ui\/rejstrik-dotaz?dotaz=47673788<\/a><\/p>\n","protected":false},"excerpt":{"rendered":"<p>V\u00edtejte na internetov\u00fdch str\u00e1nk\u00e1ch zem\u011bd\u011blsk\u00e9 akciov\u00e9 spole\u010dnosti, kter\u00e1 byla zalo\u017eena v&nbsp;kv\u011btnu roku 1993 skupinou opr\u00e1vn\u011bn\u00fdch osob a vlastn\u00edk\u016f zem\u011bd\u011blsk\u00e9 p\u016fdy, kter\u00fdm tehdej\u0161\u00ed St\u00e1tn\u00ed statek \u0160t\u00edty vr\u00e1til v&nbsp;restituc\u00edch zem\u011bd\u011blsk\u00fd majetek. &nbsp;P\u0159edm\u011btem &nbsp;podnik\u00e1n\u00ed a. s. je Z\u00e1kladn\u00ed ekonomick\u00e9 \u00fadaje Obchodn\u00ed jm\u00e9no: ZEAS B\u0159ezn\u00e1 a. s. Pr\u00e1vn\u00ed forma: akciov\u00e1 spole\u010dnost S\u00eddlo: N\u00e1m\u011bst\u00ed M\u00edru 4, 789 91 \u0160t\u00edty I\u010cO: 47673788 DI\u010c: CZ47673788 e- mail: [&hellip;]<\/p>\n","protected":false},"author":1,"featured_media":0,"parent":0,"menu_order":6,"comment_status":"closed","ping_status":"closed","template":"","meta":{"footnotes":""},"class_list":["post-48","page","type-page","status-publish","hentry"],"_links":{"self":[{"href":"https:\/\/www.zeasbrezna.cz\/index.php\/wp-json\/wp\/v2\/pages\/48","targetHints":{"allow":["GET"]}}],"collection":[{"href":"https:\/\/www.zeasbrezna.cz\/index.php\/wp-json\/wp\/v2\/pages"}],"about":[{"href":"https:\/\/www.zeasbrezna.cz\/index.php\/wp-json\/wp\/v2\/types\/page"}],"author":[{"embeddable":true,"href":"https:\/\/www.zeasbrezna.cz\/index.php\/wp-json\/wp\/v2\/users\/1"}],"replies":[{"embeddable":true,"href":"https:\/\/www.zeasbrezna.cz\/index.php\/wp-json\/wp\/v2\/comments?post=48"}],"version-history":[{"count":7,"href":"https:\/\/www.zeasbrezna.cz\/index.php\/wp-json\/wp\/v2\/pages\/48\/revisions"}],"predecessor-version":[{"id":662,"href":"https:\/\/www.zeasbrezna.cz\/index.php\/wp-json\/wp\/v2\/pages\/48\/revisions\/662"}],"wp:attachment":[{"href":"https:\/\/www.zeasbrezna.cz\/index.php\/wp-json\/wp\/v2\/media?parent=48"}],"curies":[{"name":"wp","href":"https:\/\/api.w.org\/{rel}","templated":true}]}}